Suppose 2*l - 3*l = -4. Suppose l*m + z = 3*q, 3*q + 3*m + 3 = -12. What is t(q)?
7
Let m(z) = -4*z - 4. Let q = 138 + -141. Determine m(q).
8
Let y(j) = 1 - 2 - 3*j - 2 + 7*j. Give y(4).
13
Let h(y) = -9*y + 12. Let w(q) = 4*q - 6. Let s(d) = 3*h(d) + 7*w(d). Suppose l + 4*l = 25. Determine s(l).
-1
Let h(t) be the first derivative of -t**2 + t - 19. Determine h(8).
-15
Let q(i) = -3*i**2 - 1. Let y(f) = -f - 1. Let h be y(0). Determine q(h).
-4
Let w(b) = b**3 + b - 1. Let o = -15 - -21. Let z(r) = 5*r**3 - 7*r**2 - 11. Let t(y) = o*w(y) - z(y). What is t(-6)?
5
Let f(m) = -3*m**2 + 7*m + 5. Let v(j) be the third derivative of 0*j**4 + 1/6*j**3 + 1/60*j**5 + 0*j + 0 - 3*j**2. Let n(i) = f(i) + 4*v(i). What is n(-6)?
3
Let s be 4/6*(-8 + -1). Let p(h) = 4*h + 2. Let z(o) = 4*o + 2. Let b(f) = s*z(f) + 7*p(f). Calculate b(-2).
-6
Let k(s) be the third derivative of -s**6/120 - s**5/10 - 7*s**4/24 - s**3/3 + 6*s**2. Determine k(-5).
8
Suppose -2*h - 3*h + 10 = 0. Let t(b) be the third derivative of 0*b - 1/8*b**4 + 1/3*b**3 + 0 + 3*b**2. Calculate t(h).
-4
Let u(r) = 65*r + 2*r**3 - 2 + r**2 + 4 - 66*r. Calculate u(-2).
-8
Let t = 25 + -14. Let o(l) = t - 9 - 1 - 9*l. Let q be (1 - -1)*(-2)/(-4). What is o(q)?
-8
Let f(z) = z**3 - 6*z**2 + 6*z - 6. Let b be f(5). Let v(u) = 4*u**3 - u. Give v(b).
-3
Let j(q) = -q**3 + 4*q**2 + 5*q + 7. Let u be -2 + 3 - (-5 - -1). Determine j(u).
7
Let i(h) = -4*h**2 + 10*h - 4. Let c(r) = r**2 - r + 1. Let w(p) = -5*c(p) - i(p). Suppose b + j = 105, 3*j + 1 = -14. Let q be b/(-30) + 1/(-3). Give w(q).
3
Suppose 9*k - 5 = 4*k. Let g(d) = -d**2 + d. Let c(s) be the third derivative of -s**5/20 - 5*s**4/24 + s**3/6 - 3*s**2. Let j(x) = -c(x) - 5*g(x). Give j(k).
7
Suppose -3*u = 16 + 8. Let z(w) = w**3 + 9*w**2 + 7*w - 9. Determine z(u).
-1
Suppose 0 = 5*j - x - 12, -4*j - 3*x + 2 = -0*j. Suppose 9 = -b + j*b. Let m = 5 - b. Let w(l) = l**2 + 6*l + 2. What is w(m)?
-6
Let d(s) = s**2 - 8*s + 9. Let i = 14 + -8. Calculate d(i).
-3
Let t(i) = -1 - i**2 + 2*i + 7*i**3 - 3*i**3 - 5*i**3 + 2*i**3. Calculate t(1).
1
Let w(c) = -c**3 - 7*c**2 - 6*c + 5. Let k be w(-6). Let f = -5 + k. Let z(m) = -4 + f + 3*m - m + 7. Calculate z(-5).
-7
Let z(y) = -y**2 + y. Let u(l) = 3*l**3 - 2*l**2 - 1. Let k(i) = -u(i) - z(i). Calculate k(2).
-13
Let j be ((-2)/6)/(4/(-84)). Let t = j + -9. Let f(d) = -3*d - 2. Give f(t).
4
Let y(d) = d**3 + 6*d**2 + 8*d + 6. Suppose -4*x - x = -30. Let v be 3 - 2/(x/9). Suppose c - 17 = 5*i + 3*c, -5*i - c - 21 = v. Give y(i).
-9
Let o(x) = x**2 - 8*x + 4. Suppose -a + 4*a = -d + 16, -2*a = 4*d + 6. Calculate o(a).
-3
Let z(w) = -w**2 - 7*w + 19. Let b be z(-9). Let r = -2 + 2. Let t(q) = q + q + 5*q**2 + r*q - 1. Determine t(b).
6
Suppose r + 3*f - 7 = 0, 2*r - 2*f = -2*r + 14. Let c(n) = n**2 - 6*n + 1. Give c(r).
-7
Suppose -4*q + 11 - 3 = 0. Let a(i) be the first derivative of -i**4/4 + 5*i**3/3 - 2*i**2 + 2*i - 1. Determine a(q).
6
Let a(h) = 0*h - 2*h + h - 4. Give a(3).
-7
Suppose -15 = -5*j + 2*u + 5, j - 3*u = -9. Let c(b) = 5*b**2 - 6*b + 5. Let t(g) = -g**2. Let a(o) = c(o) + 4*t(o). Give a(j).
5
Let a(n) = n - 5. Let c(v) = -v + 4. Let r(q) = 2*a(q) + 3*c(q). Calculate r(2).
0
Suppose 0 = 4*p + 4*m + 36, 5*p + m + 21 = 2*p. Let w(v) = 3*v + v**2 + 0*v + 4*v. Calculate w(p).
-6
Let m be 3/((-6)/(-14)) - (-32)/(-8). Let z(p) be the second derivative of 0 - 1/12*p**4 - m*p - 5/6*p**3 - 1/2*p**2. Give z(-4).
3
Suppose -14 = -2*c + 9*c. Let x(s) = -3*s + 1. Calculate x(c).
7
Suppose -3*y + 10 = i - 1, -2*i = 5*y - 25. Suppose 3*m - 8*m + i = 0. Let x(v) = 2*v**2 - 7*v + 5. Give x(m).
9
Let n(f) = -2*f + 1. Let r be n(-1). Suppose 4*w - 2*w = -4*o, r*o = -5*w. Let j(z) = -z**2 + 5 + w*z**2 + 2*z - 7*z. Give j(-5).
5
Let m(x) = -x**3 + 4*x**2 + 7*x - 16. Let l be m(5). Let t(i) = i**2 + 3*i - 3. Determine t(l).
15
Let y(c) = -c**2 - c. Let t(q) = q**2 - 2*q + 3. Let j(i) = -t(i) - 2*y(i). Let z(x) = -x + 1. Let v be z(6). Calculate j(v).
2
Let j(g) = g + 0*g + 0*g + 4*g**2 + 6*g - g**3 - 3. What is j(5)?
7
Let x(c) = -c**2 + c + 5. Let q be 9/(3/1) - 0. What is x(q)?
-1
Let u(s) = -3*s**2 + 2*s - 1 + 5*s**2 + 3. Let d be u(-2). Suppose 0 = h + j - d, 3*j - 16 = -2*h - 0*h. Let k(w) = 2*w - 2. Determine k(h).
2
Let q(d) = -d**2 + 8*d + 3. Let v be (-1)/2 - (-5 + 5/(-2)). Calculate q(v).
10
Let b(z) = z**2 + 4*z - 4. Suppose 0 = -2*a - 3*d + 8*d + 17, -d = -2*a - 3. Calculate b(a).
-4
Let g(q) = -7*q**2 + 3*q - 2. Let j(h) = -21*h**2 + 8*h - 5. Let x(l) = -8*g(l) + 3*j(l). Determine x(-1).
-6
Let f(v) = v**2 - 5*v + 5. Let b be (0 - 2)/(1/(-2)). Let x be f(b). Let d(p) = -15 + 16 + 10*p - 2*p + 2*p. Calculate d(x).
11
Suppose 0 = -104*d + 102*d. Let s(n) = -n**2 - n - 3. Determine s(d).
-3
Let y = 6 - 1. Let w(t) = -t + 1. Let b(v) = -4*v + 4. Let x(z) = b(z) - 3*w(z). Calculate x(y).
-4
Let a(y) = -y + 5. Let j be (5/(-1) + 2)*104/(-39). Determine a(j).
-3
Let s(f) be the first derivative of f**3/3 + 3*f**2/2 + f + 15. What is s(-3)?
1
Let y(z) be the third derivative of z**6/180 + z**4/12 + z**2. Let q(v) be the second derivative of y(v). Let d be (-4 - -3)*(-3 + 2). What is q(d)?
4
Let o(x) = x**2 - x - 1. Let m(l) = -5*l**2 + 11*l + 6. Let w(r) = m(r) + 4*o(r). Let a be w(7). Let f(t) = 8 - a*t - 9 + 1. Determine f(4).
-8
Let a(l) = 3*l**3 + 3*l**2 + 11*l - 13. Let i(s) = -2*s**3 - s**2 - 6*s + 7. Let d(y) = 3*a(y) + 5*i(y). Calculate d(3).
14
Suppose -5*r + 3*l + 2 = 3, 0 = 3*r - 3*l - 3. Let d(c) = c**3 + c**2 + c + 1. Give d(r).
-5
Let d(l) = l**3 - 4*l**2 + 3*l - 3. Let u be -3*2*15/(-9). Suppose 4*w - u = 2. Let o be d(w). Let q(y) = y - 3. Calculate q(o).
-6
Suppose 3*w - 39 = 6*w. Let r = w - -9. Let s(i) = i**2 + 5*i + 4. Give s(r).
0
Let a(i) = i**3 + 4*i**2 - 4*i + 2. Suppose u + 17 = 13. What is a(u)?
18
Let k(v) = -2*v + 6. Let p be 5 + -5 + 0 + 4. Suppose -w = p*w - 30. Give k(w).
-6
Let w(x) = -x**2 + 4*x + 1. Suppose 12 = 3*t - 3*j - 15, 0 = 4*j + 16. Calculate w(t).
-4
Let k be 2/9 + 2/(-9). Let s(a) = -3*a**2 - 2 + 0*a**2 + 2*a**2 + 7. Determine s(k).
5
Let t(g) be the second derivative of g**6/120 - g**5/20 + g**4/24 + g**3/3 - 2*g**2 - 2*g. Let q(a) be the first derivative of t(a). Give q(2).
0
Let a(m) = m + 1. Let p(h) = 6*h + 5. Let k(q) = -20*a(q) + 4*p(q). Suppose 3*n = -4*d + 2*n + 4, -2 = -2*d - n. Determine k(d).
4
Suppose 4*k + 0 - 8 = 0. Let h(w) = w - k + 4 + w - w. Suppose -3*p - 9 = 2*v - 2*p, 5*v + 4*p = -21. Give h(v).
-3
Let v(p) = -p + 6. Suppose -4*x = -x + 3. Let l = 2 - x. Suppose -l*s + 8 = -s. What is v(s)?
2
Let j(p) be the first derivative of p**5/60 + p**4/6 - 7*p**3/6 + 4*p**2 - 5. Let d(v) be the second derivative of j(v). Determine d(-5).
-2
Let j(n) = -5*n + 4. Let h(p) = 6*p - 5. Let x(y) = 4*h(y) + 5*j(y). Suppose 0*w + 5*o = -5*w - 10, -4*o - 20 = -2*w. Let k = 2 + w. Calculate x(k).
-4
Let k(j) = 2*j**2 - 13*j + 1. Let v(n) = n**2 - 6*n. Let h(m) = 3*k(m) - 7*v(m). Determine h(-2).
-7
Let x(c) = c**3 - 3*c**2 - 3*c + 3. Let v(k) = -7*k. Let f be v(-1). Let y(s) = s**2 - 6*s - 4. Let a be y(f). Determine x(a).
-6
Let w(u) = u**2 - 6*u + 4. Let x(c) be the second derivative of c**5/20 - c**4/4 + c**3/6 + 3*c**2/2 - 8*c. Let y be x(3). Calculate w(y).
4
Let u = -18 - -18. Let n(m) = -3 - 2 + 0*m + m + u. Determine n(6).
1
Suppose 24*q = 23*q + 2. Let m(k) = k**3 - 3*k**2 + k. Calculate m(q).
-2
Let r(b) = b + 7. Suppose -o = 7 + 3. Calculate r(o).
-3
Let g = 30 + -43. Let f = -8 - g. Suppose 0 = -0*i + i - f*d, -5*d + 15 = -4*i. Let w(m) = -m**2 - 4*m + 6. Determine w(i).
1
Let v(d) = d - 5. Let i be (9 - 9) + 0/(-2). Suppose i*o = 2*o. Calculate v(o).
-5
Let m(o) be the second derivative of 3*o**3/2 - o**2 + 10*o. Give m(2).
16
Let l(n) = -n**3 - 4*n**2 + 3*n - 2. Let g(j) = -3*j**2 - 2*j + 3. Let z be g(-2). Calculate l(z).
8
Let t(k) be the third derivative of k**5/60 - k**4/24 - k**3/3 - k**2. Suppose -z = -0*z - 3. Suppose 3*j = 4*f - 12, 10 = -z*f - 3*j - 2. What is t(f)?
-2
Let a(c) = -5*c**3 - c**2 + 1. Suppose -5*t + 5*f = -2*t - 42, 30 = 2*t - 4*f. Let o = 10 - t. Determine a(o).
-5
Let k(j) = 2*j**2 - 7*j + 1. Let h(w) = w**2 - 4*w + 1. Let x(v) = 5*h(v) - 3*k(v). Calculate x(2).
0
Let u(n) = -n**3 + 4*n**2 - n + 4. Suppose 5*j